highest common divisor of 47235 and 45.
15
Calculate the greatest common factor of 167 and 2651459.
167
Calculate the highest common divisor of 953578 and 13634.
802
Calculate the highest common factor of 121 and 16346.
11
Calculate the greatest common divisor of 72 and 45.
9
What is the highest common divisor of 241 and 82663?
241
Calculate the highest common factor of 28332 and 648.
36
Calculate the greatest common factor of 65384 and 39379.
743
Calculate the highest common divisor of 18295 and 10.
5
Calculate the highest common factor of 1625116 and 856.
428
What is the highest common factor of 1076331 and 23?
23
What is the highest common divisor of 6156608 and 19?
19
Calculate the highest common divisor of 57 and 27512.
19
Calculate the highest common factor of 661412 and 444.
148
Calculate the highest common divisor of 411434 and 272.
34
Calculate the highest common factor of 134 and 9395142.
134
What is the greatest common divisor of 896 and 22736?
112
What is the highest common factor of 4371 and 113787?
141
Calculate the greatest common factor of 1992 and 788168.
664
Calculate the greatest common factor of 4150 and 775.
25
Calculate the greatest common divisor of 3680 and 1550752.
736
Calculate the greatest common divisor of 14424 and 192.
24
What is the highest common factor of 71264 and 131?
131
What is the highest common divisor of 767 and 19706?
59
What is the greatest common factor of 402909 and 39?
39
Calculate the highest common divisor of 52696 and 160.
8
What is the greatest common divisor of 946 and 6966?
86
Calculate the highest common divisor of 1404 and 273.
39
Calculate the greatest common divisor of 828 and 576081.
207
What is the highest common divisor of 2058687 and 1062?
531
What is the highest common factor of 6058 and 71298?
466
Calculate the highest common divisor of 976 and 31781.
61
Calculate the highest common divisor of 35 and 635439.
7
Calculate the highest common divisor of 123584 and 512.
64
What is the greatest common factor of 230 and 867905?
115
What is the greatest common factor of 82 and 793309?
41
What is the greatest common factor of 32432 and 16?
16
Calculate the greatest common divisor of 700 and 445900.
700
What is the greatest common divisor of 855 and 190380?
285
What is the highest common divisor of 44 and 182336?
44
What is the greatest common divisor of 57 and 1825881?
57
What is the greatest common factor of 570168 and 1800?
72
Calculate the highest common factor of 47687 and 25507.
1109
What is the greatest common factor of 486 and 288?
18
What is the highest common factor of 203 and 72947?
7
What is the highest common divisor of 585 and 44694?
117
What is the greatest common factor of 33075 and 162?
27
What is the greatest common divisor of 260 and 2236?
52
Calculate the greatest common divisor of 14678 and 37884.
82
Calculate the highest common factor of 532 and 5488.
28
Calculate the highest common factor of 212464 and 672.
112
What is the greatest common factor of 42 and 49959?
21
Calculate the highest common factor of 3256 and 539.
11
What is the highest common factor of 8607 and 513?
57
Calculate the greatest common divisor of 45 and 7389.
9
Calculate the greatest common factor of 13984 and 1541.
23
Calculate the highest common divisor of 31901 and 23.
23
Calculate the greatest common divisor of 9129 and 34187.
17
What is the greatest common factor of 495 and 526185?
495
What is the greatest common factor of 4140 and 16?
4
What is the greatest common factor of 34125 and 2912?
91
What is the highest common divisor of 32794 and 152?
38
What is the greatest common divisor of 1711 and 4543?
59
What is the greatest common factor of 1962981 and 69?
69
What is the greatest common factor of 1157457 and 42?
21
Calculate the highest common factor of 5868 and 522.
18
What is the greatest common divisor of 192 and 98292?
12
Calculate the highest common divisor of 91536 and 464.
16
What is the highest common factor of 522 and 34887?
87
What is the highest common factor of 268 and 85358?
134
What is the highest common factor of 25 and 48445?
5
Calculate the greatest common divisor of 411 and 19043.
137
What is the highest common factor of 5168 and 13168?
16
What is the greatest common factor of 731264 and 5104?
464
What is the greatest common factor of 33488 and 130?
26
Calculate the highest common factor of 40845 and 195.
15
Calculate the highest common divisor of 1144 and 127138.
22
Calculate the highest common divisor of 5472 and 160992.
288
Calculate the highest common divisor of 1166935 and 165.
55
What is the highest common factor of 20 and 40890?
10
Calculate the greatest common factor of 8 and 50824.
8
Calculate the highest common factor of 576852 and 48.
12
Calculate the greatest common factor of 31784 and 34250.
274
Calculate the highest common divisor of 110 and 1670.
10
What is the highest common factor of 19931 and 454217?
1049
Calculate the highest common divisor of 1498 and 238.
14
What is the greatest common factor of 51781 and 1060?
53
What is the highest common divisor of 85120 and 2800?
560
What is the greatest common divisor of 50 and 1111275?
25
Calculate the greatest common factor of 6393 and 3.
3
What is the greatest common divisor of 11295074 and 14?
14
Calculate the greatest common factor of 6056 and 98.
2
Calculate the highest common factor of 3258 and 568521.
1629
Calculate the highest common divisor of 24 and 2025408.
24
What is the greatest common factor of 323 and 74290?
323
Calculate the highest common divisor of 352103 and 632.
79
What is the highest common divisor of 1101 and 257?
1
What is the highest common divisor of 2006 and 934?
2
What is the greatest common divisor of 21 and 50610?
21
What is the highest common divisor of 14 and 6652?
2
What is the highest common factor of 472 and 313644?
236
What is the greatest common divisor of 20099 and 2626?
101
What is the greatest common factor of 14 and 49364?
14
What is the highest common factor of 1027403 and 13?
13
Calculate the highest common divisor of 4218 and 2738.
74
Calculate the highest common factor of 82565 and 355535.
1685
Calculate the greatest common factor of 118485 and 45.
45
What is the highest common factor of 3420 and 46360?
380
Calculate the greatest common divisor of 85 and 254915.
85
Calculate the highest common factor of 266340 and 460.
460
Calculate the highest common divisor of 105 and 100905.
105
Calculate the greatest common factor of 47 and 74448.
47
What is the greatest common divisor of 178308 and 9?
9
What is the greatest common divisor of 94167 and 9?
9
What is the highest common divisor of 92232 and 21?
21
What is the highest common factor of 91430 and 1640?
410
Calculate the highest common divisor of 4428466 and 476.
238
What is the greatest common divisor of 738 and 7729074?
738
Calculate the highest common factor of 15516 and 15.
3
What is the highest common divisor of 34 and 3684818?
34
What is the greatest common factor of 768 and 1981056?
384
What is the highest common factor of 21 and 2445828?
21
What is the highest common divisor of 224 and 211414?
14
What is the greatest common factor of 302306 and 8?
2
What is the greatest common factor of 136225 and 50?
25
Calculate the greatest common divisor of 45934 and 153.
17
Calculate the greatest common divisor of 1211 and 896.
7
What is the highest common factor of 20087 and 3869?
53
Calculate the highest common divisor of 205 and 8785275.
205
Calculate the highest common factor of 42310 and 50.
10
Calculate the highest common divisor of 405 and 20.
5
What is the greatest common divisor of 25721 and 1445?
289
Calculate the highest common factor of 40 and 18536.
8
Calculate the greatest common divisor of 6086 and 782.
34
What is the highest common factor of 6885 and 1989?
153
What is the greatest common divisor of 56 and 32116?
28
What is the highest common divisor of 260 and 42445?
65
Calculate the greatest common divisor of 256 and 18192.
16
Calculate the greatest common factor of 467290 and 6.
2
Calculate the highest common factor of 9174 and 66.
66
Calculate the highest common factor of 72 and 9120312.
72
Calculate the greatest common divisor of 14602 and 4917.
149
Calculate the highest common factor of 35208 and 9.
9
What is